 and o.
25
Let f be (8 - 4)/(0 - -2). Suppose 5 = f*y + 3*y. Let d be 4/5*10/4. Calculate the highest common factor of y and d.
1
Let h = 19 + -12. Let q(y) = -25*y + 2. Let a be q(-3). Calculate the greatest common factor of a and h.
7
Let o be 1/((-3)/2) + 2140/60. Calculate the highest common divisor of o and 280.
35
Suppose -3*n + 5 + 4 = 0. Suppose -3*z + n = -0*z. What is the greatest common factor of 5 and z?
1
Let z be -1 + 15/10 - 57/(-6). Suppose 0*m - 9 = -3*m. Let v = m - -7. Calculate the greatest common factor of v and z.
10
Let c = 1 - 0. Let y be (0 - c)*-2*5. Calculate the highest common divisor of 10 and y.
10
Suppose -4*f - 4*m - 1748 = -2*m, 0 = 2*f + 2*m + 876. Let k = 612 + f. What is the highest common factor of 22 and k?
22
Let f(d) = 3*d - 1. Let l be f(5). Suppose -c = -2*z - 24, 6*c + 3*z = 8*c - 50. What is the highest common divisor of l and c?
14
Suppose -2*k + 10 = -16. Calculate the highest common divisor of 26 and k.
13
Suppose 167 = 3*j - x, -2*j + 0*j + 100 = 5*x. What is the greatest common factor of j and 55?
55
Let h = 2 + 10. Calculate the greatest common factor of 96 and h.
12
Let n(l) = l**2 + l - 4. Let j be n(0). Let q(b) = -b - 1. Let o be q(1). Let h be (1/o)/(j/80). Calculate the greatest common factor of h and 1.
1
Let j(p) = p**2 + p. Let q be j(-2). Suppose -29 = -f + 2*x + q*x, x = -4. Suppose 3*h + 117 = 4*h. What is the highest common divisor of f and h?
13
Let m = 97 - -28. Let x = m + -76. Suppose p + 16 = 3*a - x, 2*p = -4*a + 70. What is the greatest common divisor of 4 and a?
4
Suppose 0 = -5*l - 15, 6*f - 4*l - 48 = 3*f. What is the greatest common divisor of 108 and f?
12
Let m(p) = p**2 + 6*p - 7. Let d be m(-7). Let z(n) = -n**3 - n**2 + 8. Let s be z(d). What is the highest common divisor of 64 and s?
8
Let g = -19 - -27. What is the highest common factor of 16 and g?
8
Let g(b) = -10*b + 4. Let i be g(-6). Suppose 0 = 4*y - i - 104. Calculate the highest common factor of 21 and y.
21
Let y = -14 + 26. Suppose 4*l = -l + 3*n + 66, 5*l = 5*n + 70. Calculate the highest common factor of l and y.
12
Let g = 61 + -27. Suppose -2*d + q + 17 = 0, 3*d - q = g - 8. Let i be d*(-3)/(6/(-2)). What is the greatest common divisor of 81 and i?
9
Let x = -110 - -62. Let h = x + 93. Calculate the highest common divisor of 18 and h.
9
Suppose -2*z = z. Let n(u) = -4*u + 6*u - 5 + z. Let m be n(9). What is the highest common factor of 13 and m?
13
Let t(w) = -w**3 - 6*w**2 - 2*w + 7. Let b = 8 - 3. Suppose 0*i + 40 = -b*i + 2*z, -i + 4*z = 26. Let h be t(i). What is the highest common factor of h and 38?
19
Let o = -7 - -24. Let b = o + -7. Calculate the greatest common factor of b and 40.
10
Let f = 9 - 6. Suppose 88 = 5*i + 2*t, -23 = -f*i + 2*i + 5*t. Calculate the greatest common factor of i and 36.
18
Let y = 4 + 0. Suppose -y*u = 3 + 5, -v - 5*u = -24. Let n be 6*3 - (-2 - -3). What is the highest common divisor of n and v?
17
Let p = -8 + 6. Let o be 12/6 - (p - 0). What is the highest common divisor of o and 1?
1
Suppose 3*h - 2*n = 107, -4*h + 2*n = -152 + 6. Calculate the greatest common factor of h and 13.
13
Let m be 2/5 - (-56)/10. Suppose -3*w + 216 = w. What is the highest common divisor of m and w?
6
Suppose -32*v - 1260 = -38*v. Calculate the greatest common divisor of 42 and v.
42
Let j be (-4)/(-32)*-6 + 83/4. Let v = -8 - -13. What is the greatest common divisor of j and v?
5
Suppose 0 = 3*d + 1 - 7. Let i(k) = k**2 + k - 4. Let q be i(0). Let f = q - -5. Calculate the greatest common divisor of d and f.
1
Suppose 3*f - 29 = -5. Suppose 4*x - 75 + 627 = 0. Let j = x - -210. Calculate the highest common divisor of f and j.
8
Let v = -123 + 201. Calculate the greatest common factor of 117 and v.
39
Let t = 14 + -7. Let p(m) = -m**2 + 5*m - 2. Let q be p(2). Suppose 18 = o + o + q*d, -5*o + d + 34 = 0. Calculate the greatest common divisor of o and t.
7
Suppose 5*u - 370 = 4*p, 4*u - 182 = -p + 93. Calculate the greatest common factor of u and 10.
10
Let a = -8 + 36. Calculate the highest common factor of a and 196.
28
Let b = 32 - 26. Suppose 0 = 3*f + v - b*v - 67, 0 = -5*f - 4*v + 50. Calculate the greatest common factor of 7 and f.
7
Suppose 3*t + l + 3*l - 41 = 0, -39 = -3*t - 3*l. What is the highest common divisor of 121 and t?
11
Let j(a) = 20 + 9 - a - 13. Let u be j(8). What is the greatest common divisor of u and 32?
8
Let d(z) = -z**2 + 11*z + 16. Let i be d(10). Calculate the greatest common factor of i and 26.
26
Let g(u) = 5*u**2 - 2*u + 1. Let s = 7 - 10. Let d(m) = m**2 + 3*m + 1. Let w be d(s). Let r be g(w). What is the highest common factor of r and 2?
2
Suppose -3 = 4*w - 15. Let a(n) be the second derivative of n**4/12 + 5*n**3/3 + n**2/2 + n. Let q be a(-11). Calculate the highest common factor of q and w.
3
Let w(c) = -c - 7. Let o be w(-11). Suppose 0 = b + g - 3, o*b - 8 = -0*g - 2*g. Calculate the highest common divisor of 11 and b.
1
Let k(b) = 11*b**2 + 2*b + 4. Let l be k(3). Let d = 340 - l. What is the greatest common divisor of 21 and d?
21
Let k be -1 + 2276/12 - 1/(-3). Calculate the highest common divisor of k and 27.
27
Let t be 38/14 + (-12)/(-42). Let n = t + 16. Calculate the highest common factor of n and 171.
19
Let f = -248 - -352. Let a(q) = 13*q**2 + q + 1. Let u be a(-1). What is the greatest common divisor of f and u?
13
Let h(p) be the first derivative of 2*p**3/3 - p + 2. Let i be h(-2). What is the highest common divisor of i and 49?
7
Let i be (-2*3)/((-3)/2). Let n(d) = 3*d**2 - 6*d + 1. Let t be n(i). What is the highest common divisor of 10 and t?
5
Let x(y) = 2*y + 1. Let g(w) = -7*w - 3. Let s(u) = 3*g(u) + 8*x(u). Let t be s(-3). Let i = -7 + 28. What is the greatest common divisor of t and i?
7
Let o be (115/20)/((-2)/(-24)). Suppose -3 = -3*c + 3. Suppose -f = 5*q - o, q + q + c*f - 34 = 0. Calculate the highest common divisor of q and 26.
13
Suppose -2*y - 3*y + 560 = 4*w, -w + 545 = 5*y. Suppose -29 = -5*j + 211. Suppose 5*z = z + j. What is the highest common factor of y and z?
12
Let i(n) = n**2 + 0*n + 4*n + 4*n - 2*n + 7. Let p be i(-6). Calculate the highest common divisor of 7 and p.
7
Let b be 1*-2*(-9)/(-6). Let o = 0 - b. Suppose -o*g - 72 = -2*y, 58 = 4*y + 2*g - 70. Calculate the greatest common divisor of 11 and y.
11
Let c be (3 + 1)*(-7)/(-4). Let v = -4 + -13. Let p = 24 + v. What is the highest common factor of c and p?
7
Suppose 0 = -4*p - 5*q + 9 + 55, -4*p = 2*q - 64. Calculate the highest common factor of p and 4.
4
Let o(q) = q**2. Let r be o(2). Let z = -5 + r. Let s = 22 + z. What is the greatest common divisor of s and 7?
7
Suppose -2*b - 33 = 5*q, 20 = -2*q - 2*q. Let z be b/(-18)*6*-24. Let a = z - -58. Calculate the highest common factor of 13 and a.
13
Let p be (0 - -2)/(1/8). Let x be (-9)/6*24/(-9). What is the greatest common factor of x and p?
4
Let n(v) = -v**3 - 7*v**2 - 8*v - 2. Let k be n(-7). Let z(x) = x**2 + 2*x - 2. Let g be z(2). What is the highest common divisor of k and g?
6
Suppose 0 = -m + 12. Calculate the greatest common factor of m and 6.
6
Suppose -2*o + 3*o - 20 = 0. Suppose -v = 2*v - 30. Suppose -z + v = z. Calculate the greatest common factor of z and o.
5
Let x = 57 - 110. Let a = x - -93. Calculate the highest common divisor of 10 and a.
10
Let q(b) = b**2 + 6*b + 23. Let g be q(-4). Suppose -4*f + 3 = -9. Calculate the greatest common factor of f and g.
3
Let j be (39/(-6))/((-1)/2). Suppose 5*k + 3*w = 13 + j, 23 = 5*k + 4*w. Calculate the highest common divisor of k and 28.
7
Let x = 76 - 46. Suppose -x = -2*b + 26. Calculate the highest common divisor of b and 42.
14
Let u(v) = -v**3 - 8 - 3*v**3 + 3*v**3 + 10*v**2 - 10*v. Let a be u(8). What is the highest common divisor of a and 20?
20
Suppose 0*o = -4*o - 4. Let m be o/(-1*(-2)/(-22)). Let i(h) = h**3 - h + 77. Let w be i(0). Calculate the greatest common factor of m and w.
11
Let p(u) = -16*u**3 + u - 1. Let q be p(1). Let g = q + 26. What is the greatest common divisor of g and 40?
10
Suppose 5 = k - 2*k, 2*k + 100 = 3*z. Calculate the greatest common divisor of z and 330.
30
Suppose -16 = -a + 4*j, -a + 5*a - 3*j = 51. What is the highest common divisor of 192 and a?
12
Suppose -4*k + 28 + 8 = 0. Let b(